2). Let a be (-1)/4 + (-300)/k. Let p = 21 + a. What is the units digit of p?
2
Let o be (1 + -3)/((-6)/27). Suppose 11*s - 24 = o*s. What is the tens digit of s?
1
Suppose b + b - 10 = 0, -b + 10 = w. Let s(i) = 4*i**2 - 13*i + 7. What is the units digit of s(w)?
2
Let g(k) = 34*k**2 - 18*k + 98. What is the thousands digit of g(7)?
1
Suppose -17*k + 1428 = -2856. What is the units digit of k?
2
What is the units digit of (0 - 175/14)*(-1 - 5)?
5
Suppose -3*c + 159 = 4*o - 362, -170 = -c - 5*o. Let l = c - 162. What is the tens digit of l?
1
Let g be -104*(-3 - 30/(-12)). Let f = 37 + g. What is the units digit of f?
9
Suppose -2*n - 5*o - 34 = 0, 3*o + 68 = -4*n - o. Let w(a) = a + 19. Let d be w(n). What is the tens digit of 14 + d - (0 + 2)?
1
Let r be (18 + -15)/(2/(-36)). Let d be 60/27 + 12/r. Suppose d*i - 409 = -5*n - 0*n, 3*n + 5*i - 253 = 0. What is the units digit of n?
1
Let w = 106 - -200. Suppose w = 3*h - 2*s, 0*h + s = 4*h - 408. What is the tens digit of h?
0
What is the tens digit of (2 - (-2 - 869)) + 51 + -56?
6
Let j = 999 - 144. What is the tens digit of j?
5
Suppose 0 = -2*h + h + 20. Suppose 0*f + 16 = -5*o - 4*f, h = 3*o - 5*f. Suppose o = -5*m + 11 + 64. What is the tens digit of m?
1
Let q(g) = 493*g**2 + 14*g - 13. What is the hundreds digit of q(1)?
4
Let q(l) = l - 26. Let z be q(0). Let t = -24 - z. What is the units digit of t?
2
Suppose -5*o + 335 = -330. Let f = o - 43. Suppose 4*b + f = 5*c, -b = -4*c - 2*b + 93. What is the tens digit of c?
2
Let w(y) = y**3 - 6*y**2 + 5*y + 2. Let x be w(5). Suppose m - 65 = -2*f - 4, m - x*f = 61. What is the tens digit of m?
6
Let w(g) = 2*g**3 - 4*g**2 + 2*g + 2. Let s be w(4). Let u = s - 22. What is the units digit of u?
2
Let s = -101 + 428. What is the hundreds digit of s?
3
Let x = -161 + 149. What is the units digit of (518/(-28))/((-11)/x + -1)?
2
Let u(b) = -b + 7. Suppose 0 = -5*t - 3*h + 12 + 24, 2*h = t - 2. Let y be u(t). Suppose -3*c + 10 = y. What is the units digit of c?
3
Let y be (-387)/(-12) + (-2)/8. What is the units digit of (5 + y)*(-4)/(-2)?
4
Let p(l) = 16*l**2 - l + 3. Let n(x) = -48*x**2 + 3*x - 10. Let f(s) = 2*n(s) + 7*p(s). Let c be f(-2). Let i = -46 + c. What is the tens digit of i?
2
Let o(h) = 18*h - 5. Let f be (-5 - -2) + 21/3. Let v(j) = -j + 1. Let x(y) = f*v(y) + o(y). What is the tens digit of x(2)?
2
Let s(i) be the first derivative of i**3/3 + 3*i + 4. Let m be s(3). Let x = m - -5. What is the units digit of x?
7
Suppose 3*u - 2150 = -n, -n + 3*u + 4255 = n. What is the thousands digit of n?
2
What is the units digit of (-4)/6 - (190/(-6) - -3)?
8
Let l(u) = u**3 - 21*u**2 + 10*u - 273. What is the hundreds digit of l(24)?
6
Let q = 144 - 71. What is the tens digit of 30/12*4/5*q?
4
Let v = -571 + 1494. What is the units digit of v?
3
Let d(x) = 0*x**3 + 5*x**2 - 3*x**2 + 4*x - 2 - x**3. What is the tens digit of d(-5)?
5
Let v = -109 - -872. What is the units digit of v?
3
Let r(m) = 3*m**3 - 3*m**2 + 2*m - 5. Let k(b) = 4*b**2 + 3*b + 2. Let j be k(-1). What is the tens digit of r(j)?
5
Let i = -41 - -83. Let m = i - -104. What is the tens digit of m?
4
Suppose k = -27*k + 50484. What is the tens digit of k?
0
Let s = 24 + -26. Let t be (-144)/s*(-10)/(-4). Suppose i + 180 = 4*h - i, 4*h - 4*i - t = 0. What is the units digit of h?
5
Let h(r) = 6*r**2 - 5*r + 5. Let f(t) = 5*t**2 - 6*t + 5. Let a(c) = 5*f(c) - 4*h(c). Let d be a(5). What is the tens digit of (d/6)/5*-39?
2
Let u(s) = -s**3 + 12*s**2 - 9*s + 8. Suppose 3*z - 97 = 464. Let y be (z/34)/(1/2). What is the tens digit of u(y)?
3
Let h = -1976 + 2774. What is the units digit of h?
8
What is the tens digit of (0 - -1222 - 9) + -9?
0
Let o be 21/(-49)*1*-7. Suppose 6 = l - o. What is the units digit of l?
9
What is the units digit of (342/45)/(6/165)?
9
Let l(v) be the first derivative of 21*v**2/2 + 16*v - 4. Let u be l(8). Suppose u = -n + 5*n. What is the units digit of n?
6
Let y(a) = -3*a**3 - 4*a**2 + 5*a + 5. Let o be y(-5). Suppose -8*s = -81 + 49. Suppose -f = s*f - o. What is the units digit of f?
1
Suppose -i - 146 = i. Let q = -39 - i. What is the tens digit of q?
3
Let u(r) = -16*r + 2. Let g be u(-2). Suppose 0 = 2*p + 2*k + g, 4*k = 3*p - 8 + 38. Let m = p - -22. What is the units digit of m?
8
Suppose 5*o - 37 = -12. Let j = 28 - o. What is the tens digit of j?
2
Let z be (0 - (-8)/4) + 20. Suppose z + 21 = t. What is the tens digit of t?
4
What is the hundreds digit of 8/(-18) + (-14012)/(-18) + 3?
7
Let f be ((-1)/(-1))/(7/35). Let v(m) = m - 5. Let b be v(f). Suppose -3*z + 22 + 14 = b. What is the units digit of z?
2
Suppose -402 = -2*u - 2*y, 9*y + 1035 = 5*u + 4*y. What is the units digit of u?
4
Let c(x) = 9*x + 10. Let q be c(-5). Let m = q - -77. What is the tens digit of m?
4
Let w be (-6)/15*45*(-6)/(-18). Let t(v) = -2 + 10*v - 3*v - 1 + 2*v**2. What is the tens digit of t(w)?
2
Suppose -3*r = -8*r + 55. Let f = -6 + r. Suppose f + 2 = m. What is the units digit of m?
7
Let c be (-3)/((-3)/(-5)) + 17. Let j(t) = 19*t + 14. What is the hundreds digit of j(c)?
2
Suppose -5*p + o + 353 = 3*o, 4*p = o + 285. What is the tens digit of p?
7
Let d(z) = -172*z - 2. What is the units digit of d(-1)?
0
What is the hundreds digit of 1/(-2)*4494/(-3)?
7
Suppose -4*o - 305 = 211. Let n = o - -239. What is the tens digit of 4/(-12)*(-1 - n)?
3
Suppose -55*y + 2*y = -201294. What is the hundreds digit of y?
7
Let p(n) = -2 + 7 + 11*n + 6. What is the units digit of p(3)?
4
What is the units digit of (9/5)/((-6)/(-20))?
6
Let s be (-237)/(-4 + 1) + 3. Let i = s - 68. What is the units digit of i?
4
Let r(w) = -51*w - 1. Let y be r(-2). Let m = y + -51. What is the units digit of (42/(-35))/((-3)/m)?
0
Suppose -k = 5*h - 281, -3*k + 172 = 3*h + k. Let q = 116 - h. What is the units digit of q?
0
Let y = -143 + 28. Let z = -60 - y. What is the units digit of z?
5
Let p(j) be the second derivative of 1/20*j**5 + 1/3*j**3 + 7/2*j**2 - j + 0 - 5/12*j**4. What is the tens digit of p(5)?
1
Let w(o) = 914*o**2 - 10*o - 8. What is the thousands digit of w(-2)?
3
Let o(v) = 2*v**3 - 2*v**2 - 3*v + 2. Let x be o(2). Suppose -2*g + 4*a = -30, x*g + 6*a - 27 = 3*a. Suppose -5*m + g*m = 4. What is the units digit of m?
1
What is the tens digit of 169/5 + (-3 - (-48)/15)?
3
Suppose 0 = 2*v + 1 - 5. Let d(i) = 6 - 6*i + 3*i**3 + 3*i**3 - 4*i**v - 7*i**3 + 2*i**3. What is the units digit of d(5)?
1
Suppose 20 = -0*h + 2*h. Let t = 61 - h. Suppose l = -2*o + t, 4*l = 5*o - 58 - 63. What is the units digit of o?
5
Let w be -2 - (2 - 16/12*3). Suppose -2*u - u + 91 = f, -f - u + 89 = w. What is the units digit of f?
8
Suppose -73*o + 80*o - 12880 = 0. What is the thousands digit of o?
1
Suppose 0 = -p - 3*r + 133, 572 = 7*p - 3*p + 4*r. Let a = p - -119. What is the tens digit of a?
6
Suppose -c - 452 = -127. Let y = 469 + c. What is the units digit of y?
4
Let j(a) = a**2 + 6*a - 6. Let s be j(5). Let m be (-226)/(-6) - (0 + 16/(-12)). Suppose 4*q - m = s. What is the units digit of q?
2
Suppose -6 = h - 3*h. Suppose -j = -h*m - 1 - 2, 0 = -m + 2*j + 4. What is the units digit of (77/21)/(m/(-6))?
1
Let w(c) = c - 7. Let y be w(9). Suppose 5*m - 6 = -y*g, -2*m = -0*m + 2*g. Suppose m*h + h = 15. What is the units digit of h?
5
Let o = 59 + -262. What is the units digit of o/2*(-4)/7?
8
Suppose 0 = -4*i + 4*u + u - 96, 0 = -2*i + u - 54. Let b = i - -63. What is the tens digit of b?
3
Suppose -651 = -30*s + 27*s. Suppose 3*t + 37 = s. What is the tens digit of t?
6
Suppose l - 2*l = -3*t + 14, t + 4*l + 17 = 0. Suppose -5*v - 82 = 4*r, -2*v = t*r - 2 + 60. What is the units digit of (0 - 3)/(r/42)?
7
What is the tens digit of (8452/32)/((-2)/(-16))?
1
Let h(u) = 2*u**2 + 4*u + 3. Let t be h(-2). Let a(v) = -48*v**3 - 2*v + 47*v**3 + 11 + t*v. What is the tens digit of a(0)?
1
Let f be (703/38)/((-2)/(-4)). Let q = -31 + f. What is the units digit of (q/(-3))/((-2)/43)?
3
Let t = 357 - 117. What is the tens digit of t?
4
Let h(g) = 5*g - 18. Let d(t) = -t + 1. Let n(c) = 6*d(c) + h(c). What is the units digit of n(-19)?
7
What is the units digit of (16/(-20))/2 - 2392/(-5)?
8
Let k be 2*69/24*4*-1. What is the tens digit of k/2*-14 + 0/(-6)?
6
Let t(h) = h**3 - 10*h**2 + 1